 + 2*k**2 - 3*k - 4. Let x(u) = -4*u**3 + 3*u**2 - 3*u - 4. Let h(j) = 7*p(j) - 6*x(j). What are the prime factors of h(-3)?
7, 11
Suppose -7872 = -4*l - a, -2*l + 4*a = -557 - 3397. What are the prime factors of l?
11, 179
Suppose -8388 - 172 = 16*u. Let v = 769 + u. What are the prime factors of v?
2, 3, 13
Suppose -b - n - n = -367, -2*b + 2*n + 746 = 0. What are the prime factors of b?
7, 53
Suppose 4*v - 51 + 35 = 0. Suppose -2*l = -2*d + 177 - 581, v*d + 1013 = 5*l. What are the prime factors of l?
5, 41
Let x(p) = p**2 + 4*p. Let r be x(-4). Let l be (r - 4) + (-12)/1. List the prime factors of 246/(-4)*l/24.
41
Let y be (2*1)/((-30)/9 - -4). Suppose 312 = y*z + 2*q, 3*q - 73 - 24 = -z. List the prime factors of z.
2, 53
Let w(o) = 3*o - 6. Let f be w(3). Let a = f - -26. What are the prime factors of a?
29
Let u(z) = 18*z**2 + 5*z + 58. List the prime factors of u(-4).
2, 163
Suppose -i = -101 - 966. List the prime factors of i.
11, 97
Let j(c) = 6*c**2 + 2*c + 1. Let o be j(-1). Suppose o*v - 63 = -23. Suppose 0 = 2*l + v, -4*p = -l - 23 - 53. What are the prime factors of p?
2, 3
Let c = 497 + -156. Suppose -5*q - 6*q = -c. List the prime factors of q.
31
Let g(z) = z**3 + 22*z**2 - 38*z + 22. List the prime factors of g(-20).
2, 7, 113
Let v = -210 + 2956. List the prime factors of v.
2, 1373
Let m = 1 - -6. Let o be 2160/35 + 2/m. Suppose 5*c + 270 = 5*y, 2*y - y - 3*c - o = 0. What are the prime factors of y?
2, 5
Let y(b) = -b**3 + 5*b**2 - 5*b - 10. Let q be y(-4). Let l = -19 + q. Suppose -l = 2*g - 7*g. List the prime factors of g.
3
Let c be ((-20)/6 + 3)/(1/(-9)). Suppose 0 = -h + j + 88, 8 = -5*j + c*j. What are the prime factors of h?
2, 3, 7
Suppose 0 = f + f - 8. Suppose 15 = -f*p + 187. What are the prime factors of p?
43
Suppose -9*m = -19131 + 5397. What are the prime factors of m?
2, 7, 109
List the prime factors of 1/(6/6768*4).
2, 3, 47
Let b(w) = -27*w - 9. Let v(g) = g. Let o(r) = b(r) + 18*v(r). Suppose -q + 53 = 60. List the prime factors of o(q).
2, 3
Let p(c) = c**2 - 3*c - 8. Let g be p(-4). Suppose 0 = 3*i - 6*i - 5*k - 15, 2*i = k - 10. Let a = i + g. What are the prime factors of a?
3, 5
Let z(x) = -x**3 + 4*x**2 + 5*x - 17. Let k be z(4). List the prime factors of (2/(-4))/(453/(-150) + k).
5
Suppose -5*k = 5, 5*k = -2*m + 2*k + 15. Suppose m*q - 1404 = -3*q. What are the prime factors of q?
3, 13
Suppose 0 = j + 7*j - 1560. Let v = j - 76. List the prime factors of v.
7, 17
Let b(f) = -f**2 - 3*f + 9. Let z be b(-4). List the prime factors of ((-29)/z)/((-3)/45).
3, 29
Let z(h) = -240*h - 42. What are the prime factors of z(-7)?
2, 3, 7, 13
Let u(g) = -5*g - 17. Let n(c) = 6*c + 17. Let q(d) = -3*n(d) - 2*u(d). Let v be q(-8). Let m = 66 - v. What are the prime factors of m?
19
Let u be 1005/4 + 4/(-16). Let z = 353 - u. What are the prime factors of z?
2, 3, 17
Let w be (4/(48/15))/(4/96). Suppose -5*t + 44 = 4*j, -4*t + w - 8 = j. What are the prime factors of j?
2, 3
Let x be 1/((3/(-3))/(-3)). Suppose -6*p = -x*p + 57. Let n = p - -25. What are the prime factors of n?
2, 3
Let u = 0 - -3. Let q(v) = -3*v**u + 2*v**3 - 30*v**2 + 2 + 26*v**2. List the prime factors of q(-4).
2
Let p = -15 + 13. Let n(i) = -61*i + 2. What are the prime factors of n(p)?
2, 31
Suppose -q = -2*q. Suppose -2*a = -k - 24, 3*a - 2*k - 38 = -q*k. List the prime factors of 10*(2 - (-22)/a).
2, 3, 7
Let u = -172 + 696. List the prime factors of u.
2, 131
Let l(n) = 13*n**2 - 58*n - 351. What are the prime factors of l(-17)?
2, 3, 61
Suppose 10*w - 14*w + 124 = 0. Let r = 2 + w. What are the prime factors of r?
3, 11
Let o = -40 - -67. Suppose -5*d + o = -2*d. Suppose 16 = 5*l - d. List the prime factors of l.
5
Suppose 5*d - r = 0, -4*r - 22 = -5*d - 7. Let s be (d - 0)*-1 - 7. Let z = 34 - s. List the prime factors of z.
2, 5
Let a(n) = 2*n**3 - 5*n**2 - 18*n + 1. What are the prime factors of a(9)?
2, 223
Let g = -38 + 40. Suppose -5*x + 10*x + 287 = 4*l, -5*x - 131 = -g*l. What are the prime factors of l?
2, 3, 13
Suppose h = 4*u - 24715 - 226, -12458 = -2*u - 2*h. What are the prime factors of u?
2, 3, 1039
Suppose 5*v + 5*j + 25 = 0, 0 = -j + 1 - 4. Let r = 5 + v. Suppose -18 + 96 = r*i. List the prime factors of i.
2, 13
Suppose 0 = -125*t + 119*t + 11316. What are the prime factors of t?
2, 23, 41
Let i be 47/((5 - 2)/3). Suppose -5*t - i = 33. List the prime factors of 90/4 + (-8)/t.
23
Let l(r) = -r**2 - 2*r + 4. Let p be l(-3). Let d be ((-2)/4)/((-47)/94). What are the prime factors of p/(d/(31/1))?
31
Let x = 1706 - 971. What are the prime factors of 8/(-6)*x/(-10)?
2, 7
Let a(t) = -734*t + 74. List the prime factors of a(-2).
2, 3, 257
Suppose 0 = d + p + 47 + 25, 78 = -d + p. Let u be ((-218)/(-3))/(14/(-21)). Let y = d - u. List the prime factors of y.
2, 17
Suppose 3*j + 4*y = 3*y + 7, 5*j - 25 = y. Suppose c - j*c = 6. Let s = c + 36. List the prime factors of s.
2, 17
Suppose -3*b - 5*f - 21 = -8*f, 0 = 4*b + 4*f - 4. List the prime factors of (b + 19/5)/(4/890).
2, 89
Let j = 19 - 13. Let b be (4/(-6))/(j/261). Let y = -17 - b. What are the prime factors of y?
2, 3
Suppose 3*g - 5 = u, -4*g + 4*u = -u + 8. Let k(t) = 7*t**2 + t + 1. What are the prime factors of k(g)?
67
Let u = -6 - 3. Suppose 0 = -15*x - 1383 + 213. List the prime factors of ((-24)/u)/((-4)/x).
2, 13
Let o(u) = 2*u**2 + 59*u + 84. List the prime factors of o(-34).
2, 3, 5, 13
What are the prime factors of (6/(-1) - 156)*(-13)/2?
3, 13
Let t be 5/(-2)*104/(-130). Suppose 5*v - 269 = -4*q, -t*q + 4*v = v - 129. List the prime factors of q.
2, 3, 11
Let f = 26 + -14. Let l = 13 + f. Suppose 2*k - 7*k = -l. List the prime factors of k.
5
Let b = 16 + -10. Let r be b/((-2)/((-12)/9)). Suppose 80 = 5*h + r*c, c + 95 = 5*h + 2*c. List the prime factors of h.
2, 5
Suppose 3*n - 3287 + 188 = 0. List the prime factors of n.
1033
Let d be ((-5)/15)/1*-12. List the prime factors of 3/d*(-5 - -69).
2, 3
Let b(x) = x**3 + 2*x**2 - 7*x - 5. Let h be b(-4). Let k(t) = -3*t - 11. Let w be k(h). Suppose -5*o - w + 51 = 0. What are the prime factors of o?
7
Let q be (12/(-15))/(-1)*5. Suppose -i + j = -58 - 2, -q*i = -5*j - 242. List the prime factors of i.
2, 29
Suppose -4*x + 24 = 4. Suppose 12 + 13 = x*p. Suppose -55 = -p*z - 4*u + 6*u, 4*z = -u + 31. List the prime factors of z.
3
Suppose -14*g - i + 3155 = -10*g, 2*i + 3934 = 5*g. List the prime factors of g.
2, 197
Let z be -8 + 1/((-1)/(-2)). List the prime factors of z + 1 - -4 - -64.
3, 7
Let l(x) = 3*x**2 + 3*x**2 - 5*x**2 + 3*x + 0*x**2 - 14. Let c be l(6). Suppose u - c = 1. What are the prime factors of u?
41
Let z = 1773 - 211. Suppose z = -2*s + 13*s. List the prime factors of s.
2, 71
Let z(j) = -2*j**3 + 6*j**2 + 6*j + 17. Let p be z(-7). Let y be p/10 + (-9)/(-6). Let i = y + -64. What are the prime factors of i?
3, 11
Let h(v) = 7*v - 1. Suppose 0 = -2*i - 6, -3*r + i + 0 = -3. Suppose 0 = p - r - 1. List the prime factors of h(p).
2, 3
Suppose -3*x = 13*x - 11536. What are the prime factors of x?
7, 103
Let t = 98 - 82. Suppose -w + 46 = t. List the prime factors of w.
2, 3, 5
Let x(a) = 8*a**2 + 144*a + 14. What are the prime factors of x(-26)?
2, 839
Let o(w) = -w**3 + 4*w**2 + 2*w + 1. Let r be o(3). Let q = r - 18. What are the prime factors of 104/4 - -3 - q?
31
Let p(m) = -9*m - m**2 - 7*m + 25*m + 24 + 20*m. List the prime factors of p(28).
2, 13
Let r = 96 + -38. What are the prime factors of r?
2, 29
Let f(m) = 18*m**2 + 12*m + 35. List the prime factors of f(-6).
13, 47
What are the prime factors of 1030*(1*-2 + (-84)/(-35))?
2, 103
Let k(p) = -p**2 + 8*p - 7. Let h(m) = -5*m**2 + 32*m - 29. Let d(u) = -4*h(u) + 18*k(u). List the prime factors of d(-10).
2, 3, 5
What are the prime factors of 442*7/28*6?
3, 13, 17
Let u = -36 + 61. Let i = u + 9. Suppose -2*p + 4*p - i = 0. What are the prime factors of p?
17
Suppose -o = -3, -5*g - 2*o - 2*o = -1632. Let m = g + -184. List the prime factors of m.
2, 5, 7
Let d = 8 + 6. Suppose 5*r - d = 1. Suppose r*v - 5*v = -24. List the prime factors of v.
2, 3
Let x(y) = -y**3 - y**2 + y + 1. Let a be x(-2). Suppose 58 = a*k - 125. What are the prime factors of k?
61
Suppose o = y + 3, 7*y = 2*y - 5*o + 25. Let m be (-2)/4*(y - 5). Suppo